 when y is divided by ((-6683)/(-82) + 4)*(-2)/(-9)?
18
Suppose 3 = -2*i + 15. Suppose 41 + 70 = 3*t + 5*p, 2*t - p = 48. Calculate the remainder when t is divided by (-18 - -3)/(i/(-4)).
7
Let f(q) = -q**3 - 9*q**2 - 8*q + 11. Let n be f(-10). Suppose -7*b + 481 + n = 0. What is the remainder when b is divided by 11?
8
Suppose -130 = -i - 388. Let l = i + 364. Let s(w) = 2*w**2 + 3*w + 2. Calculate the remainder when l is divided by s(-5).
32
Suppose -432*d + 3*n + 645 = -431*d, 0 = -4*d - 5*n + 2648. Calculate the remainder when d is divided by 99.
63
Let r(f) = 80*f**2 + 26*f - 25. What is the remainder when r(1) is divided by 29?
23
Let t(y) = -y**2 + 39*y - 335. What is the remainder when 5 is divided by t(26)?
2
Suppose 16*z = 7*z + 297. Let l = 304 + -290. What is the remainder when z is divided by l?
5
Suppose 4*k + 4 = 4*q, -4*k - 3*q = 2 + 2. Let d(o) = -47*o - 9. Calculate the remainder when d(k) is divided by 23.
15
Let l(f) = -2*f + 4. Calculate the remainder when 0 + 4/(-4)*(-17 + 11) + 183 is divided by l(-6).
13
Suppose 2*n - 22 - 4 = 0. What is the remainder when (-7)/119 + (-9808)/(-272) is divided by n?
10
Suppose 205*v - 1376 = -51*v - 88*v. Calculate the remainder when 11403 is divided by v.
3
Suppose -834 = -20*t + 926. Calculate the remainder when 275 is divided by t.
11
Suppose -5*o = a - 10, -4*o = -a - 2*o + 10. Suppose 2*r + 144 = a*r. What is the remainder when 30 is divided by r?
12
Let i be (178/(-6))/((-3)/9). Let f = -74 + i. Calculate the remainder when 68 is divided by f.
8
Suppose s = 19*a - 18*a + 170, s = 2*a + 175. Calculate the remainder when 527 is divided by s.
32
Let t = 1 - -2. Suppose -14*q - 28*q + 11508 = 0. Suppose -4*l = 3*u - q - 88, t*l + u = 269. Calculate the remainder when l is divided by 15.
14
Suppose -2*m + 2 + 14 = 0. Let k = 120 - 148. Calculate the remainder when (144/k)/(2/(-21)) is divided by m.
6
What is the remainder when 2309 is divided by (-5)/25 + 14233/215?
65
Let r(i) = i**2 - 5*i - 80. Let t be (176 - 178)/(1 - (-6)/(-8)). Calculate the remainder when r(t) is divided by (3 + -2)/(1/13).
11
Let x = 33 - 167. Let j = -93 - x. What is the remainder when j is divided by 7?
6
Suppose 608*x - 609*x = -8. Suppose -2103 - 1273 = -x*l. Calculate the remainder when l is divided by 17.
14
Suppose 0 = 12*t - s - 474, -177 = -14*t + 9*t - 3*s. What is the remainder when t is divided by 36?
3
Let l be ((0 - 1) + -1)*-4. Let v = 22 - l. Let f(u) = -68*u**2 - 420*u - 7. What is the remainder when f(-6) is divided by v?
9
Let s = 3569 - 3503. Calculate the remainder when 139 is divided by s.
7
Suppose -5*g + 118 = 3. Let s(r) = -r**3 + 13*r**2 - 23*r - 13. Let x be s(10). Suppose -g + x = 2*f. What is the remainder when 65 is divided by f?
14
Let g(q) = 79*q - 2478. Calculate the remainder when g(55) is divided by 263.
26
Let r = -181 - -179. What is the remainder when 17 + -18 - (r + -51) is divided by 15?
7
Suppose -2213 = -2*h - 3*h + 3*y, 1351 = 3*h + 4*y. Suppose -3*r + 195 = -3*n, 0 = -3*r + 15*n - 17*n + 190. What is the remainder when h is divided by r?
61
Suppose -5*j = 20 - 10. Let g be (-2 - j)*(-6)/(-12). Suppose 0 = -5*r + w - g*w + 60, 42 = 4*r - 2*w. Calculate the remainder when 25 is divided by r.
12
Let w(v) = v**3 + 4*v**2 - 3*v + 14. Let b be w(5). Calculate the remainder when 71 is divided by (b/42)/(4/18).
23
Let n = 93 + -101. Calculate the remainder when 67 is divided by 1/1*((n - -13) + 23).
11
Suppose 0 = -3*k - 5*h + 349, -24*k + 22*k - 4*h + 234 = 0. What is the remainder when k is divided by 59?
54
Let m = -17465 + 18613. What is the remainder when m is divided by 169?
134
Suppose 0*n - 6*n = -294. Suppose -5*u - 14 + n = 0. Calculate the remainder when u is divided by 5.
2
Let g(o) = -4*o**2 - o**3 + 11 + 4*o**2 + 2*o + o**2. Suppose 0 = -4*x - 2 + 2. Calculate the remainder when 19 is divided by g(x).
8
Suppose b - 40 + 15 = 0. Calculate the remainder when 48/(-168) + 2 + (-2043)/(-21) is divided by b.
24
Suppose 4693 = 130*h - 2457. What is the remainder when h is divided by 18?
1
Let n(g) = -g**2 - 72*g - 1159. What is the remainder when n(-33) is divided by 54?
20
Let z = -16002 + 16621. Calculate the remainder when z is divided by 9.
7
Suppose -5*a + 19978 = n - 24456, n = a - 8888. Calculate the remainder when a is divided by 22.
21
Let b = -36437 + 38350. What is the remainder when b is divided by 1900?
13
Suppose 2*x + 3*x - 40 = 0. Let f(o) = 17*o - 36. Let j be f(x). Let w = 113 - j. Calculate the remainder when w is divided by 4.
1
Let l = -1774 - -1864. What is the remainder when 215 is divided by l?
35
Suppose -5*r + 7009 = 36*h - 32*h, 4*r = 2*h + 5602. Suppose -31*v + r = -28*v. Calculate the remainder when v is divided by 52.
51
Suppose 54640 + 168 = 143*g - 16692. What is the remainder when g is divided by 113?
48
Suppose 0 = -7*i + 5 - 1188. Let m = i + 173. Let p(h) = -h + 6. What is the remainder when p(0) is divided by m?
2
Let j = 65 - 34. Let p = 488 + -463. Suppose -p = 44*i - 817. Calculate the remainder when j is divided by i.
13
Let j = -40 - -39. Let d be 6*((-2)/4 - j). Suppose -q = -d*l + 367, l + 3*q = -q + 131. What is the remainder when l is divided by 21?
18
Suppose 2*t = -2*h + 5*h + 11, -4*t + h = -17. What is the remainder when 1534 is divided by t?
2
Let q(m) = -112*m + 5588. What is the remainder when q(-54) is divided by 27?
26
Let p(j) = 11*j - 51. What is the remainder when 3329 is divided by p(6)?
14
Let p(s) = 7*s**2 - s. Let k be p(1). Suppose -9*d = -k*d. Suppose 4*x + 3*x - 175 = d. Calculate the remainder when x is divided by 13.
12
Suppose 0 = -2*g - 4*p - 8, -5*p = 4*g + 3 + 1. Suppose -20 = 4*h, h = t + g*h + 28. Let z = t - -21. Calculate the remainder when 33 is divided by z.
1
Suppose 2*b - 200 = 3*x - 7*x, 4*x - 812 = -8*b. Calculate the remainder when b is divided by 19.
7
Suppose 358600 = 129*u - 29*u. What is the remainder when u is divided by 78?
76
Let l(w) = 5*w**3 + 25*w**2 - 14*w - 53. Let f(y) = 37*y**2 - 2*y - 3. What is the remainder when f(-2) is divided by l(-5)?
13
Let r(b) = 4*b**2 - 46*b - 26. Let n be (2/5)/((-3)/(-150)). Let k = n - -3. Calculate the remainder when r(14) is divided by k.
22
Let u(y) = -y**3 + 3*y**2 + 2*y - 6. What is the remainder when 285 is divided by u(-3)?
33
Suppose 2*o = 4*k + 1610, 22*k = 20*k + 16. What is the remainder when o is divided by 54?
11
Suppose -131*k = -146*k + 4515. Calculate the remainder when k is divided by 3.
1
Suppose 16*l + 16*l + 35*l = 4020. Suppose -z + 103 = -5*x, 0 = -6*z + z + 3*x + 559. Calculate the remainder when z is divided by l.
53
Suppose -4*k = -2*c - 18, 5*c + 2*k - 17 + 2 = 0. Let a(p) = 2*p**2 - p + 12*p**3 - 3*p**3 + p**3. Calculate the remainder when 21 is divided by a(c).
10
Suppose 718*n - 3465 = 697*n. What is the remainder when 994 is divided by n?
4
Suppose -5*d - 16 = 2*q + 5, 0 = 3*d - 5*q + 25. Calculate the remainder when 237 is divided by (68/d)/(-5 - (-23)/5).
33
Suppose g - a - 96 = 1, -3*a = 0. Suppose -98*v = -g*v - 63. Suppose -o + 48 = 2*o. What is the remainder when v is divided by o?
15
Let s(i) = -15*i + 31. What is the remainder when 441 is divided by s(-3)?
61
Let d(r) = r + 22. Suppose 11*y = 226 + 159. What is the remainder when y is divided by d(-10)?
11
Suppose 471*c - 467*c + 568 = j, -3*j = 3*c - 1689. Calculate the remainder when j is divided by 21.
18
Suppose d - 10 = -2*a, 94 = 5*d - 2*a + a. Suppose 2*f = -4*i + 186, -119*i + 201 = -115*i + 5*f. What is the remainder when i is divided by d?
8
Let y = -10 + 44. Suppose -54 = -8*g + y. Suppose -3*i - g*i + 126 = 0. What is the remainder when 20 is divided by i?
2
Let p be (91/21 - 4)/(2/(-30)). Let r(f) = f**2 - f. Calculate the remainder when r(p) is divided by 16.
14
Suppose -2*s + u = 74, -2*u + 148 + 36 = -5*s. Let c = s + 39. Suppose 115 = c*b + 13. Calculate the remainder when b is divided by 4.
2
Suppose 7*a + 642 = 6795. Let b = a + -581. What is the remainder when b is divided by 104?
90
What is the remainder when 3209/((-2)/8*-4) is divided by 44?
41
Suppose 2*n - 174 = -0*n. Suppose a + 33 = -4*l, 13*l = 10*l + 3*a - 36. Let y(z) = -z**3 - 8*z**2 + 11*z + 42. What is the remainder when n is divided by y(l)?
15
Let v(f) = 8*f**3 + f**2 